*f**2 + 16*f. What is d(8)?
-4
Let f be (-8)/(-24) - 8/(-3). Let v(z) = -z + f - 4 - 5. Give v(-5).
-1
Let y be 2 + (-2 - 6/2). Let q(v) be the first derivative of -1/4*v**4 + 4 + 3/2*v**2 - 2*v - 1/3*v**3. What is q(y)?
7
Let h = -5 + 3. Let o(i) = 2*i. Let m be o(h). Let j(l) = -l. Let x(u) = 2*u - 1. Let k(n) = -9*j(n) - 4*x(n). Calculate k(m).
0
Let p(o) = o**2 - 4*o + 3. Let w(u) = -u - 7. Let j be w(-11). Suppose 3 = 2*g + 5*t, j*t - 7 = 2*g - 19. Give p(g).
3
Let q(v) = -v + 13. Let l(h) = -h + 13. Let p(o) = 3*l(o) - 4*q(o). Calculate p(8).
-5
Let p(j) = 0*j**2 - 2*j**2 - 2 - 6*j - 3 + j**2. Give p(-5).
0
Let w(i) = -i**3 + 0*i**2 + 5 + 3*i**2 + 6*i - 2. What is w(5)?
-17
Let j(s) be the first derivative of -s**3/3 + s**2 - 8. Determine j(4).
-8
Let t(b) = -b + 4*b + 0 + 2 - 2*b. Let m(p) = -2*p - 4. Let r(c) = -3*m(c) - 7*t(c). Determine r(-5).
3
Let f be (6 - 2)*6/4. Let o(d) be the third derivative of -d**3 + 0*d + 5*d**2 - 1/120*d**6 + 1/12*d**4 + 1/10*d**5 + 0. Calculate o(f).
6
Let m(i) = -i + 3. Let l(d) = -4*d - 3. Let u be l(-2). What is m(u)?
-2
Let r(x) = -3*x**3 - 6*x**2 - x + 2. Let u be r(-2). Let s(m) be the third derivative of -m**2 + 0*m + 1/12*m**u + 0 + 1/2*m**3. Calculate s(-3).
-3
Let z(a) = 2*a - 1. Suppose 0 = -k - 3*g + 28, 3*k - 5*g = -2*k + 120. Let w be (-1)/(-5) - 80/k. Give z(w).
-7
Let q = -4 - -6. Let g = -1 + q. Let d(p) be the first derivative of 2*p**3 - p**2/2 + 4. What is d(g)?
5
Let y be 1/(-6) - 365/(-30). Suppose 4*z - y = -0*z - t, 5*z + 4*t = 4. Let v(m) = 3*m + 5*m + 2 - 5*m - z*m. Calculate v(2).
0
Let o(l) = -l**3 - 8*l**2 - 8*l - 7. Suppose -7*y = -9*y - 14. What is o(y)?
0
Suppose l + 11 = 2*l. Suppose 5*d = 2*s + 2*s - 30, -l = -s + 3*d. Let r(p) = 2*p - 4. Give r(s).
6
Let r(w) = -w**2 - w + 1. Let u(y) = -5*y**2 - 12*y + 5. Let p(b) = -6*r(b) + u(b). Let i = 6 + -2. Suppose 0*o + i*o = 20. Determine p(o).
-6
Let c be (-120)/66 - (-4)/(-22). Let p(m) = -5*m**3 - 4*m**2 - 3*m - 1. What is p(c)?
29
Let q = -400 - -275. Let b be 4/(-18) + q/45. Let s(w) = -w**3 - 3*w**2 + 2*w - 7. Let j(p) = -p + 1. Let h(t) = -4*j(t) - s(t). Calculate h(b).
-3
Let d(q) be the second derivative of -q**7/2520 + q**6/120 + q**5/40 + q**4/12 - 6*q. Let j(x) be the third derivative of d(x). What is j(7)?
-4
Let s(g) be the second derivative of g**5/40 + g**4/24 + 5*g**3/6 + 2*g. Let k(t) be the second derivative of s(t). Give k(3).
10
Let u(l) = -l**2 - 7*l - 9. Suppose -2*a - 20 = 2*x, 0 = -3*x + a - 6*a - 34. Determine u(x).
-17
Let r(a) = -a**3 - 3*a**2 + 1. Let u = 21 + -23. Determine r(u).
-3
Let z(a) = 10*a - 9*a - 7*a + a**2. Give z(5).
-5
Let a(y) = -y**3 - 4*y**2 + 5*y - 1. Let o = 0 + -5. Calculate a(o).
-1
Let k = 0 - 0. Let t(h) be the first derivative of h**5/20 - h**4/12 + h**3/6 - 2*h + 2. Let x(a) be the first derivative of t(a). Calculate x(k).
0
Let t(z) = -z**2 + 7*z - 3. Let i be (12/(-2))/(-2) + 0. Suppose 0 = -i*q - q + 24. Calculate t(q).
3
Suppose -4*v - 8 = -2*v. Let b be ((-1)/2)/((-1)/4). Let w(t) = b + 3*t + 2*t**2 - t**2 + 3*t. Determine w(v).
-6
Let g(h) = h**3 + 4*h**2 - 2*h - 4. Let z = -8 - -16. Suppose 2*r + 0*d = 3*d - z, -20 = 5*r + 2*d. Determine g(r).
4
Let y(j) = j - 1. Let p(f) = -4*f**2 + 6*f. Let l(g) = -g**2 + g. Let q(o) = 3*l(o) - p(o). Let x(s) = q(s) - 4*y(s). Suppose -2*n + 1 = -11. Determine x(n).
-2
Let i(g) = g**3 + 4*g**2 + g - 4. Let x(n) = 2 + n - 2*n - 3*n + 5*n. Let d be x(-6). Calculate i(d).
-8
Let j be 4/(-2) + 4 - -1. Let a(m) = 3*m. Calculate a(j).
9
Let l(u) = 3*u - 1. Let i(b) = 7*b - 2. Let a(d) = 4*i(d) - 9*l(d). Let y = 5 + -6. Give a(y).
0
Let h(d) be the third derivative of -d**5/30 + d**4/12 + d**3/6 + 2*d**2. Calculate h(3).
-11
Let k(q) = -q**2 + 9*q - 5. Let m = 27 - 21. Calculate k(m).
13
Let h(d) = 21*d**2 - d + 1. Suppose -5*r = -10, 3*x + 5*r - 13 = -0*x. What is h(x)?
21
Let a(u) be the second derivative of -u**5/20 + 5*u**4/12 - 2*u**2 - 29*u. Calculate a(5).
-4
Let h(m) = m**3 + 8*m**2 + 8*m + 4. Let w(r) = 4*r**3 + 31*r**2 + 31*r + 15. Let k(f) = -9*h(f) + 2*w(f). Let y be k(-9). Let i(l) = -l. Calculate i(y).
-3
Let s(z) = -z + 2. Let o be s(6). Let n(d) = d**3 + 4*d**2 + d + 2. Let j(q) = -q**3 - 3*q**2 - q - 3. Let u(k) = o*j(k) - 3*n(k). Give u(0).
6
Let k(c) = -c**2 - 7*c - 8. Let d(g) = g**3 + 5*g**2 + 2*g + 4. Let n be d(-5). What is k(n)?
-2
Suppose 0 = -3*h + 15. Suppose 2*q + 5*x - h = 7*q, -3*x - 29 = 5*q. Let j(y) = -y**2 - 2*y + 2. Give j(q).
-6
Let f(j) = -j**3 + 8*j**2 - 8*j + 7. Let y(x) = x**3 + 7*x**2 + 6. Let n be y(-5). Let c be (2/4)/(4/n). Determine f(c).
0
Let r = -50 - -44. Let c(a) be the third derivative of -a**4/24 - a**2. Give c(r).
6
Let j(l) = l**3 - 6*l**2 + 4*l + 4. Suppose 6*c = 2*c + 20. Give j(c).
-1
Let h = 9 - 10. Let w(l) be the first derivative of -3*l**2/2 - 2*l - 1. Let i(t) = -t + 1. Let g(d) = h*w(d) + 2*i(d). Calculate g(-3).
1
Let b(f) = -5 - 4*f + 3*f + 3 + 5. What is b(-4)?
7
Let s(w) = w**3 - 3*w**2 - w - 4. Suppose 7 = y - 4*m, 3*m + m - 35 = -5*y. Let a = y + -3. Give s(a).
8
Let a = -9 - -13. Suppose -7*h + a = -3*h. Let u(k) = -3*k**2 - k + 1. Give u(h).
-3
Let c(s) = 2*s**2 - s. Let m = 20 + -14. Let d be (1 + (-8)/m)*3. Determine c(d).
3
Let s(t) = 3*t. Suppose 5*w - 5 = -0*w. What is s(w)?
3
Let g(q) = -q**3 - 4*q**2 - q + 1. Let r be (-2 - 10/(-2))/1. Let k(h) = -h**2 + 3*h + 3. Let w be k(r). Suppose -w*u - 9 + 0 = 0. Give g(u).
-5
Let d(y) be the third derivative of y**8/6720 - y**6/360 + y**5/120 - y**4/12 - 2*y**2. Let f(h) be the second derivative of d(h). What is f(1)?
0
Let d(w) = -w**2 + 4*w - 1. Suppose 3*i - 3 = 3. Suppose -i = -t + 2. Suppose -2*h + t*h - 10 = 0. Determine d(h).
-6
Let r(g) be the first derivative of -1/120*g**5 + 0*g**2 + 0*g + 1/24*g**4 - 4 - 1/3*g**3. Let a(x) be the third derivative of r(x). Determine a(2).
-1
Let i be 6 + (-1 - -2) + -2. Suppose i = -5*f - 5*l, 4*l = -2*f + f - 16. Let z(p) = 4*p - f - 2 + 0*p + 5. Give z(2).
7
Let o(t) = t**2 + 7*t + 5. Let a = 36 + -41. Give o(a).
-5
Let a be 0 + 4/(-2) - 0. Let p be (2/4)/(1/a). Let r(j) = -5 + 5 + 4*j**2 - 1. Calculate r(p).
3
Let i(d) = 9*d**2 - 7*d + 2. Let z(g) = -5*g**2 + 3*g - 1. Let k(b) = -4*i(b) - 9*z(b). Give k(-1).
9
Let f(u) = 0*u - 8 + u + 0*u + 0*u. Determine f(10).
2
Let v(s) = -2*s**2 - 2*s. Suppose 5*b - 5*j + 15 = 0, 4*b - 2 = 5*j - 15. Give v(b).
-4
Suppose -2*z = -7*z - 15. Let h(l) be the second derivative of l**5/20 + l**4/6 - l**3/6 + 2*l**2 - 9*l. Give h(z).
-2
Let h = 8 - -1. Let p be 0 + h + 0 + 1. Let v(s) = s**2 - 11*s + 6. Let w be v(p). Let r(d) = -d**2 - 5*d + 1. Give r(w).
5
Let f = -3 + 3. Suppose 0 = -5*w - 2*v - 7 + 2, -2*w - 2*v + 4 = f. Let b(g) be the second derivative of -g**4/12 - 2*g**3/3 - g**2 + 2*g. What is b(w)?
1
Suppose -5*r - 4*b + 12 = -12, 0 = 4*r - 4*b - 12. Suppose 0 = -c - 3*c - r, d - 5*c = 11. Let a(y) = 2*y - 4. Calculate a(d).
8
Let v be -1*(8 - 4) + 7. Let r(o) be the second derivative of -o**5/20 + o**4/4 + o**3/3 - o**2/2 - 3*o. What is r(v)?
5
Let r = -1 - -1. Let x(q) = 0*q**2 + r*q**2 - q**2 - 1. Calculate x(-3).
-10
Let x(t) = t - 8. Let z be x(7). Suppose 3 + 1 = j + 2*n, -9 = -3*j - 3*n. Let s(y) = -3*y**j + 3*y**2 + 3*y**2. What is s(z)?
3
Let v = 5 + -4. Let h(o) = v - 1 - o + 2. Determine h(3).
-1
Let r(w) be the first derivative of 1/4*w**4 + 0*w - 7/2*w**2 + 5/3*w**3 - 2. What is r(-6)?
6
Suppose 0 = 3*g - 2*g - 1. Let x(r) = -2*r + 1. What is x(g)?
-1
Let k(l) = -2*l**2 - 9*l. Let q = -93 - -87. Determine k(q).
-18
Suppose 4*f = -145 - 3. Let u be 12/16 + f/(-4). Suppose g - 5 = s, 5*s + 0*s + 2*g = u. Let x(c) = -c - 6. Give x(s).
-6
Suppose -1 + 14 = -5*q - 4*a, 4*q + 5*a + 14 = 0. Let k be 1 + -3 + (1 - -2). Let w = q - k. Let r(d) = d**3 + 3*d**2 + d + 1. Determine r(w).
3
Let r(l) = -4*l**3 + 3*l**3 + 0 - 6*l**2 - 7 + 6*l + 2*l**3. Suppose -2 = -0*f - f. Let y = f - -3. What is r(y)?
-2
Suppose -3*s + 3*d - 8 = -s, 0 = 4*s - 2*d + 8. Let h(z) = z. Calculate h(s).
-1
Let c be ((-4)/(-6))/(1/(-3)). Let v be 0*(0 + 2)/c. Let h(k) = -k - 3. Determine h(v).
-3
Let x(q) be the first derivative of q**4/4 - q**3/3 - 2*q**2 + 1. Let h = -1 + 4. Calculate x(h).
6
Let t(i) = i**2 + 2*i + 2. Let p be t(-2). Suppose 2 = j + p